a - 1. Let w be l(-3). Is (-22148)/(-36) + -2 - w/9 composite?
False
Let j = 39 + -38. Suppose 0*d - d + j = 0. Is 482/d + (20 - 21) a prime number?
False
Let f be (-4)/5*(-175)/(-10). Let o be -2 + (-1)/2*f. Suppose -o*c - a = -875 - 766, 0 = -3*c - a + 983. Is c composite?
True
Let p(c) = 8*c**2 - 1. Let t be -2 + 1/(2/6). Let f = 3 + t. Is p(f) prime?
True
Suppose -205*o + 1251663 = -184*o. Is o prime?
False
Let a = 28 + -18. Suppose 0 = 7*l - a*l + 1245. Is l prime?
False
Let u be (-2)/2 - -885 - 3. Suppose 0 = -2*m + 153 - u. Let j = m + 683. Is j a prime number?
False
Let p(v) = 18*v**2 - 55*v + 9. Is p(16) a prime number?
False
Suppose 684 = -3*t - 3*h, t + 0*h = h - 238. Let c = t - -629. Let m = c - 283. Is m a composite number?
False
Let p = 3724 + -1335. Suppose -3*i = 2*i - 3*s - 2397, -p = -5*i + s. Is (2/(-3))/((-6)/i) composite?
False
Let c(f) = -f**2 + 15*f - 27. Let p(u) = -16*u + 27. Let w(q) = -6*c(q) - 5*p(q). Is w(-11) prime?
True
Let c = 1067 + -910. Is c composite?
False
Suppose -11 = -j + 4*v, 0 = -3*j + 2*v - 4 + 47. Suppose -17*a + 112 = -j*a. Suppose 65 = m - a. Is m composite?
True
Let n = 3327 + -1956. Is n a composite number?
True
Let a(m) = m**2 + 7*m + 8. Let l be a(-6). Suppose 0 = 4*x - 3*x + l*c + 127, x - 4*c + 139 = 0. Let b = x + 576. Is b prime?
False
Suppose -4*s + 8*s = 10080. Is 5 + (s - (3 + 1)) prime?
True
Let u(a) = -132*a**3 + 4*a**2 + 10*a + 3. Let r be u(-4). Let b = r + -3442. Is b composite?
True
Let f = 18 + -11. Suppose 3149 = f*c - 1800. Is c composite?
True
Let j = -28957 - -41610. Is j a prime number?
True
Let a = 117 - 191. Let o be a/(-6) - (-1)/(-3). Suppose o = d - 133. Is d a composite number?
True
Suppose -q + 2323 = -j - 22, -2*q - 2*j + 4702 = 0. Let r = q - 1291. Is r a composite number?
True
Suppose 46*q = 35*q + 4631. Let w = -129 - -201. Let o = w + q. Is o a composite number?
True
Let j = 34171 + -20274. Is j a composite number?
True
Suppose -322 = -4*b + 5*b. Let j = b - -1041. Is j a prime number?
True
Let c(p) = 16*p - 13. Let v(b) = b. Let k(y) = c(y) + 6*v(y). Is k(6) a composite number?
True
Suppose 4*z = 3*f + 18, -4*z - 5*f = -5 + 3. Let d(x) = x + 3*x**3 + x + 0*x**3. Is d(z) a prime number?
False
Let w(v) = 12*v**3 + v**2 - 9*v - 9. Is w(4) a composite number?
False
Let k(q) = 4577*q + 6. Is k(5) a prime number?
False
Let c = -309 + 1396. Is c composite?
False
Let m be ((-1)/2)/(2/(-8)). Suppose m*f = -b + 9, -b - 4*b = -2*f - 9. Suppose -b*d - 248 = -1019. Is d a composite number?
False
Let v = -648 - 155. Let a = -334 - v. Is a a prime number?
False
Let o = -31016 - -87385. Is o composite?
False
Suppose 5*z + 50440 = 4*p - 10895, -3*p - 5*z + 46010 = 0. Is p composite?
True
Suppose 4*w + 1121 + 1075 = 0. Let n = -230 - w. Is n a composite number?
True
Suppose 0 = s - 0*s + 2*w - 533, 0 = -5*w + 20. Let o = s - -16. Is o prime?
True
Let d = -1462 + 3346. Suppose 2*c - 797 - 494 = -5*y, 0 = 3*c - 3*y - d. Is c prime?
False
Let h be (20172/(-16))/(6/(-16)). Is h/5 + -4 + 115/25 a prime number?
True
Let v be -2*(-4)/16*-214. Let q = v + -82. Let x = q + 338. Is x a composite number?
False
Suppose 7628 = 2*o - 3*g, 0 = -4*o + 5*g + 3786 + 11468. Is o composite?
True
Suppose -1040 = -3*k - 3764. Let t be k*3/((-48)/20). Let y = t - 456. Is y a composite number?
True
Is (-7 - -8)/(-2 + 274270/137134) a composite number?
False
Suppose 0 = -2*i + 385 + 45. Let q = -126 + i. Suppose 4*p - q - 131 = 0. Is p prime?
False
Suppose -5*b - 210 = 2*r, -3*b + 0*r - 4*r = 112. Let v = 141 - b. Is v composite?
True
Is 1098060/156 - (-4)/26 a prime number?
True
Suppose -4*l = m - 13955, 4*l - m - 3*m = 13940. Is 7/(21/9) + l a prime number?
True
Let h(b) = 180*b - 1. Let v(p) = 630*p - 3. Let x(j) = -18*h(j) + 5*v(j). Let o(g) = -g**3 + 3*g**2 - 2. Let a be o(3). Is x(a) composite?
True
Let h(k) = -k - 13. Let x be h(-15). Let r be (-8)/x - (-1)/1. Is r/2*(-3588)/18 a prime number?
False
Let p be 162 + (-2 + 0)/(2/4). Let t = 1519 - p. Is t composite?
False
Is 1/4 + (-875)/(-56)*6 prime?
False
Let x(p) = -57*p**3 + p**2 + 17*p + 227. Is x(-12) a prime number?
True
Let t(n) = n**2 + 7*n - 9. Let i(x) = x**3 + 8*x**2 - x + 3. Let d be i(-8). Suppose -3*w + d = -10. Is t(w) a prime number?
True
Is 897265/25 + (-18)/30 - -7 a prime number?
True
Suppose 2*j = -5*o + 12, 2*j + 0*j = 2*o - 2. Let b(r) = 74*r**3 - r**2 - 2*r - 1. Is b(o) prime?
False
Suppose -139*w = -148*w + 42489. Is w prime?
True
Let d = 121 + 56. Is d prime?
False
Suppose 3*d + 143 = 4*a, -4*d = -3*d + 1. Let x = -22 + a. Let k(o) = -o**2 + 14*o + 10. Is k(x) a composite number?
False
Suppose -2*m + 7 = -5. Let a be 6284/(-52) - m/39. Let s = -50 - a. Is s a prime number?
True
Suppose 5*s - 20 = -4*i - 5, -3*i - 5*s = -15. Suppose 2*h = -i*h. Suppose -6*w + 858 = -h*w. Is w a composite number?
True
Let b = 1155 - 693. Suppose 2*f - 292 = b. Is f a composite number?
True
Let q = -3 - -3. Suppose 4 = 5*y + 2*c, -2*c + 6 - 2 = q. Suppose -7*g + 3*g + 996 = y. Is g composite?
True
Let s(d) = -141*d**2 + d - 1. Let z be s(-1). Let r = 299 + z. Suppose -5*a + 150 = 8*k - 3*k, 5*k = -3*a + r. Is k a prime number?
False
Suppose 0 = 5*o - 41567 - 43148. Is o prime?
True
Suppose -10*h + 47*h = 540977. Is h prime?
True
Suppose -5*w - 9525 = 5*n, -5 + 1 = -n. Let j = w + 3080. Is j prime?
True
Let l be 36/(-14)*(0 - -7). Let c be -2*(l/4 + 3). Suppose -t + 5*s = -3*t + 177, 179 = 2*t + c*s. Is t composite?
True
Let p be 5 + (3 + -2)*-2. Suppose -d = -p*d + 1120. Suppose 360 = 3*j + 8*o - 3*o, 0 = 5*j - 5*o - d. Is j a composite number?
True
Let o be ((-18)/(-15))/(4/10). Let k(m) = -m**3 + 5*m**2 - 5*m + 2. Let n be k(o). Suppose n*s - 3179 = -1134. Is s a prime number?
True
Suppose -20*b + 10*b + 6190 = 0. Is b a prime number?
True
Is (-1385)/10*(-110)/11 a prime number?
False
Let h be ((-2)/(-5))/((-1)/(-205)). Suppose -h = -m + 141. Is m a prime number?
True
Suppose -4*r + 9027 + 103817 = 0. Is r composite?
False
Let n(v) be the third derivative of 13*v**5/2 - v**3/6 - 30*v**2. Suppose -3*f + 0*f = 3. Is n(f) prime?
True
Suppose 18 = 2*o + o. Let c = -13 + o. Let j(w) = -w**3 - 5*w**2 - 3*w - 8. Is j(c) a composite number?
True
Suppose -4*i + 10584 = y, -4*y = -i - 3*i + 10604. Is i prime?
True
Let d be 1/(1/3) - 0. Suppose d = 3*g, 2*t - 63 = -3*g + 28. Let x = 99 - t. Is x prime?
False
Let r = -4 + 23. Let t = r + -15. Is (-2)/2*(t + -423) a prime number?
True
Let x(y) = 9*y**3 + 2*y**2 + 29*y - 159. Is x(7) a prime number?
True
Let g = -30 + 32. Suppose 4*z - v - 667 = g*z, -3*v - 346 = -z. Is z prime?
True
Let o(b) = b + 2 - 3*b - 12*b - 2*b**2 + 0*b. Let v be o(-7). Suppose -v*f + 747 = 69. Is f composite?
True
Suppose 60*s = 66*s + 3468. Let y be 13866/10 - (-4)/10. Let r = s + y. Is r composite?
False
Suppose -17*v + 19*v = 238. Let j = 600 - v. Is j a prime number?
False
Let c = 23 - 72. Is 21/c + (-25167)/(-21) prime?
False
Suppose -5*b + 481 = -224. Suppose 0 = 2*l - n - 462 + b, -319 = -2*l + 3*n. Is l a prime number?
False
Let k be ((-2)/6)/(5/(-15)). Let t be 636/(3 - k) + -2. Let m = t + -139. Is m composite?
True
Let i be (-24824)/(-5)*575/46. Suppose -15*y - 10265 = -i. Is y a prime number?
False
Let y = 4782 - -3731. Is y a composite number?
False
Suppose -2*k - 960 = -3*s + 99, -4*k + 1077 = 3*s. Is s prime?
False
Suppose -1 - 9 = -5*b. Suppose -h + 9 = b*h. Is -4 + 6 + 216 - h a prime number?
False
Let j(v) = v**2 + 25*v - 5. Let z be j(-20). Is -1*2/14 + (-234900)/z a composite number?
False
Let k = 61561 + -30804. Is k prime?
True
Let s be (-3 + 2*-5)*(-3 + 4). Let n(r) = -40*r - 63. Is n(s) composite?
False
Suppose -1 = -z, 0 = -4*n - 2*z + 4*z + 44354. Is n prime?
False
Is 15 - (14 + -2) - (2 + -8) composite?
True
Suppose 3145 = -3*d + 4*p + 11378, 5488 = 2*d - 2*p. Is d prime?
False
Let z = 31 + -40. Let b(f) = 8*f**2 - 16*f + 17. Is b(z) prime?
True
Let v be (10/(-30))/(1/(-63)). Let j = v - 15. Is 3 + -12*(-285)/j prime?
False
Let c = 5466 + 2501. Is c a composite number?
True
Is (218/4)/(21/42) composite?
False
Let j(n) = 8*n + 7*n - 10*n**2 + 9*n + n**3 - 1 - 8*n. Suppose m - 24 = -2*c, -19 = -c - 2*m - 7. Is j(c) a composite number?
False
Let m(q) = 1 + 40*q - 18*q - 26*q. Let y be m(6). Let h = y 